 -337 + 342 + (-15 - -1) - (-3 + (-1 - -2)).
-7
What is the value of -6 + (-66 - (-43 - 12))?
-17
(-11 - 9) + (89 - 15) + (-9 - -1 - -2)
48
42 + -28 + -19 + (-8 - 0) - (5 + 29)
-47
Evaluate (-11 - (-2 + 9 - 11) - -12) + -21.
-16
What is the value of 9 + -12 + -3 + -4 + 21 + -50?
-39
Calculate -42 + -1 + (43 - 24 - (13 - 1)).
-36
Evaluate (-16 - -3 - (0 - 27 - (80 + -94))) + -13.
-13
8 + -1 - (-105 + -49 + 75)
86
Calculate (-78 - -14 - -53) + 27.
16
Evaluate 20 + 1 + -5653 + 5649.
17
What is -15 - (-11 + (-11 - -12) + -8 + 123 + -1)?
-119
What is -18 + (10 + 7 + -2 + -45 - -16)?
-32
Calculate 55 - (13 + (23 - 28)).
47
Calculate -19 - (11 + -56 + 48 + 1 + 4).
-27
Calculate -9 + 0 + (37 - 22) + -7 + 53.
52
What is the value of -52 - ((194 - 192) + 3 + -23)?
-34
What is -45 + (30 - (-5 - -28))?
-38
Calculate 31 + 4 + -1 - (-2367 - -2383).
18
What is -45 - (70 + -26 + -15)?
-74
Calculate 30 + -16 + -1 + (4 + -1 - -21).
37
-20 + -34 + -33 + 94
7
What is -51 + (-360 - -485) + 0 + 7?
81
Evaluate -3 - (-22 - 14) - 37.
-4
What is (-12 - (-5 - 0) - (-6 - (-14 - -15))) + 26?
26
(-24 - 1 - ((71 - 50) + -38)) + (92 - 0)
84
What is the value of -48 + (-106 - -101 - -10)?
-43
What is the value of -25 - ((-80 - -31) + -14)?
38
Calculate 1 + (-7 - (-20 + 7)) - -51 - 9.
49
What is 3 + -2 - (-1 - 14) - (-5107 + 5038)?
85
What is (-16 - 5) + 16 + -4 - -24?
15
Evaluate 9 + (105 + -120 - (-4 + 0)) - (0 - -53).
-55
What is 58 - (24 + 74) - -53?
13
Evaluate ((46 - 21) + -24 - (1 - 11)) + 7 + -3.
15
Calculate (14 - 20) + (-11 - -7) - (4 - 3).
-11
Calculate 0 + 2 - 0 - 12 - (-89607 - -89730).
-133
-4 + -2 + 156 + (21 - 42) + -2
127
37 + (48 - 54) - 16
15
-32 + (198 - (42 - -62))
62
-5 + (7 - -3 - 38) - (-53 - -45)
-25
4 - 2 - 35 - (-4 + -1)
-28
What is the value of 19 + -1 + (-26 - ((20 - 29) + -4))?
5
33 + (-3 + -3 - -13) + 12 + 3
55
Calculate 6 - 38 - (-1 + -4) - (-4 - (43 + -38)).
-18
What is the value of -112 + ((-12 - -28) + 0 - -14)?
-82
What is (-2 - 55 - -39) + -71?
-89
Evaluate -14 + -9 + (-93 - -29).
-87
84 - 75 - 10 - -21
20
235 + -300 - (-3 + (7 - -8))
-77
What is -2 + 19 - (181 + -169) - (5 + (1 - 3))?
2
What is the value of -52 + -172 + 221 + (-5 - 11)?
-19
Calculate (32 - ((-3 - (-8 + -2)) + (-4 - 0))) + -8.
21
45 + (-18 + -21 - -25)
31
Evaluate 32 + (2 - 110) + -305 + 300.
-81
-160 + 15 + 138 + -78
-85
Calculate -750 - -748 - (-31 - 2).
31
Calculate -25 + -8 + 74 + 3 + 7.
51
What is -240 - -221 - (9 - 5 - 16)?
-7
Evaluate 62 + (90 - 100) - 52.
0
What is -3 + 31 + 388 + -333 + -47?
36
What is -2 + -20 + 71 - 29?
20
What is the value of 7 + -5 + -8 - (42 - (-7 - -17))?
-38
Calculate -51 + -48 + 56 - -19.
-24
What is 0 - -18 - (952 + -932) - (1 + -32)?
29
179 + -231 + -3 + -11 + 3
-63
What is (1545 - 1504) + (0 - -10)?
51
(-172 - (85 + -173)) + -32 + -1
-117
What is (-34 - (8 - 67)) + 9 + 1 + -9 - -2?
28
(1 - -13) + 96 + 50 + -90
70
Evaluate 69 - (-31 - 36 - -114).
22
Evaluate 120 + -118 + (1 - 51) + (26 - 32).
-54
Calculate 39 + (-45 - (-32 + 11) - -63).
78
What is the value of 32 - 43 - (-9 - -7 - -16)?
-25
What is the value of 71 + (71 - 258) + 38?
-78
Calculate -17 + -10 + 27 + (7 - -18 - 6).
19
(2 - (-1 + 23)) + (16 - 31)
-35
What is 96 + -96 + (-53 - -91) - (9 - -1)?
28
Evaluate (2 - 2 - -8) + (-7 - -58 - 62) + -51.
-54
What is the value of -51 - (9 - (-4 + 0) - (-5 + 29))?
-40
Calculate 4 + 2 + 1 + (-30 - (11 + -34)).
0
What is -23 - (38 - 150 - -58)?
31
What is the value of (97 - 63) + -22 - -42?
54
Calculate 23 - (30 + -21 + 8 - 12).
18
(-2 - 57 - -13) + 1 + 0 + (37 - 37)
-45
What is the value of -1 + (-6 - 3) + 2 + (4 - 4) - 44?
-52
What is -151 + 91 - (-23 + -35)?
-2
Evaluate -22 + 9 + 106 + -103.
-10
Calculate (-1605 - -1579) + (1 - -22) - (-1 + 20).
-22
3 + (-37 - ((-1872 - -1872) + -9 + 1 + -1))
-25
-11 + -2 + (92 - (-29 + 98)) - -43
53
What is 26 - (-25 + (13 - -14) + -2)?
26
Calculate -2 - (1 + 0 + 1 - (178 - 177)) - 6.
-9
What is the value of 6 + -2 - (37 + -37) - (-48 - (-1 - -5))?
56
What is 162 - (232 - 50) - (-88 - 0)?
68
Calculate 7 - (85 + -75 - (5 - (-1 + -4) - 1)).
6
What is 3 - 13 - ((-10 - -8) + -1 + -14 + 6)?
1
Evaluate (31 - 33) + -101 - -82.
-21
What is (-4 - -3) + (-59 + -7 - -31)?
-36
Evaluate -63 - (-5 - (-74 - -76 - (-2 + -2 + 4))).
-56
-64 - (24 + -2 + (11 - (10 + 12)) - 22)
-53
What is -40 - -24 - -26 - (1 + -7) - (-1 + -7)?
24
Evaluate (-14 - (-17 + 31)) + (8 - 6).
-26
Evaluate (11 - -1) + -22 + -3 - 22.
-35
Calculate 7 + 5 - (-14 - -57) - (4 - -4).
-39
Evaluate 40 - ((36 - 50) + 26).
28
What is the value of (-1 - -28) + (22 - 107) + 59?
1
Calculate -10 - (21 - 29) - (4 + -1 + -9) - 7.
-3
Evaluate (31 - -2 - (-111 - -149)) + 120.
115
Calculate 26 + -43 + 9 + 3 - -25.
20
Evaluate -102 + 22 + 135 + -48.
7
Calculate 31 + 70 + -14 + -23 + -27.
37
Evaluate 18 + -3 + (44 + -46 - 27) + -1 + 122.
107
What is the value of 22 + -36 - (-63 + -6) - (-3 - -12)?
46
What is the value of -22 + 71 + -39 - (3 + -17 + 5 + -2)?
21
Calculate 22 + 1 + (381 - 384) + -92.
-72
-52 + (31 - -13) - -35
27
What is the value of 50 - (79 - (3 - 71))?
-97
1 + -64 - (-18 + 50 + -30 + 15)
-80
What is 18 - (40 + (19 - -21))?
-62
What is the value of (1 - 4) + 15 - (-63 - -9)?
66
16 - 1 - (97 + -111) - 16
13
What is 26 + 2 + -45 + (9 - -47)?
39
What is (-1 + -3 - (-58 - (-30 - 3))) + 11?
32
What is the value of 5 + -16 + (-2 + -4 - (-11 + (-2 - -6)))?
-10
What is (-942 - -946) + (68 - -1) + -5 + 1 + 4?
73
Calculate (861 - 850 - (16 - -1)) + 16 + -5.
5
28 - (11 - -39 - 45)
23
Evaluate -127 + 137 - (-31 - (-8 + 7)).
40
(20 - 3) + (-4 - -9) + 3
25
Calculate -5 - (-30 - 1) - (-114 + 111).
29
-1 + -2 - (-10 - (-12 + 11) - (-8 - 5))
-7
Evaluate -170 + -11 - (577 + -674).
-84
What is (39 - 15 - -48) + -67?
5
What is the value of (-147 + 19 - -25) + 22 + 7 + -19?
-93
Calculate 41 - ((-1 - -8) + -15 + 7 - 3).
45
What is the value of 71 - (70 - (10 + 28))?
39
Evaluate (6 - 3) + (4 - (5 - 2)) + 9.
13
What is 5 + 0 + -8 + 8 + -14 - (-93 - -84)?
0
Evaluate 3 + (-59 - (6 - (3 + 0))) - (-2545 - -2553).
-67
7 - (-1 + 0 - -9) - -57 - (-3 + 7)
52
8 + -1 + 5 + -44 + (10 - -12) + -106
-116
Calculate 12 + -20 + (-16 - (-9 - -2)) - 12.
-29
Calculate -81 + (5 + -4 - 45 - -88).
-37
What is (-10 - 0) + (23 - (-7 + 70)) - (-13 - -8)?
-45
What is -2 + -57 + (-685 - -696)?
-48
Calculate 162 - (32 + (73 - 16)).
73
What is (-7 - 64) + (748 - 611)?
66
What is (-18 - (-8 + 10) - -12) + (-20 - 0)?
-28
Evaluate -7 + (-2 - (-3 - 3)) + (-1 - 16 - -6).
-14
Calculate (80 + -84 - (0 + 16)) + (-98 - -23).
-95
What is (21 - -1 - 34) + 14 + -4 + 6?
4
Calculate -11 - ((-505 - -455) + (-3 - -12) + -4).
34
1 + 1 - (48 - 21) - 9
-34
What is the value of -4 + -98 - -3 - (96 - 172 - -93)?
-116
Evaluate 14 + 4 + 6 + -12 - (-28 - -68).
-28
(1 - 18) + 2 + (-10 - -18) - 4
-11
What is the value of 61 - (38 + -28 - -52)?
-1
What is 78 - (-64 + (48 - 27)) - 10?
111
Calculate 12 + (9 - -5) + -9 + -44 - 15.
-42
Evaluate -52 + (6 - (-184 + 194 + -1 + -10)).
-45
Evaluate (-49 - 32) + (-8 - (-7 - 35)).
-47
Evaluate (1 - 39) + 21 + -34 + 23 + -27.
-55
What is the value of -30 + -31 + 81 - (5 - (-3 + 113))?
125
Evaluate -37 - (-105 + -28 + 48).
48
What is the value of 41 + 19 + -36 + -9 - (1 - -42)?
-28
What is 50 - 2 - (759 + -763)?
52
Evaluate 4 + -3 + -1 + 10 + 8 + -14 - -38.
42
Calculate -1 + -5 + 16 + (-89 - -17 - 20 - 14).
-96
Evaluate -30 + 21 + 26 + (-12 - -4).
9
30 - (2 + 12) - (8 - 50)
58
What is the value of (6 - (5 + 10)) + (15 + -11 - (0 + 2))?
-7
Evaluate 4 + (-1 - 58) + (-5 - -10 - (-29 - -23)).
-44
What is the value of (-5 - -3 - (3 + 4)) + (-2357 - -2408)?
42
0 + -9 + (6 - 50) + 47 + -2
-8
Evaluate (4 - (9 + -12)) + 1 + -7 - -42.
43
(-566 - -593) + 2 + -20 + 6
15
1 + 20 + -2 + (14 - (4 + 3))
26
Evaluate -8 + (-11 - (-2 - 13)) - (42 + -2) - -9.
-35
What is the value of 18 - (-16 + 2 + (16 - -3)) - -37?
50
2 + 1 + -4 - ((20 - (40 + 1)) + -53)
73
Evaluate -67 + 16 - (-10 + 10 + 2 + 0 + -5).
-48
Calculate 406 - 385 - (9 - 4).
16
What is (-74 + 107 - -32) + -64?
1
Calculate -27 + -88 + 119 + (7 - 4).
7
What is (134 - 140 - (-1 - 11)) + -1 + -37?
-32
Evaluate 536 + -210 + -497 - (-35 - 1).
-135
Calculate ((-67 - -26) + 17 - -10) + -25.
-39
34 + -17 + (-50 - -29) - 23
-27
What is 5 + (0 - 6) + -21 + 18